{"id":2498,"date":"2020-09-15T10:23:57","date_gmt":"2020-09-15T08:23:57","guid":{"rendered":"http:\/\/constrb.cluster028.hosting.ovh.net\/vm264348-ovh\/?page_id=2498"},"modified":"2024-11-05T09:19:19","modified_gmt":"2024-11-05T08:19:19","slug":"conditions-generales-dutilisation","status":"publish","type":"page","link":"https:\/\/www.valentesecurystar.com\/index.php\/conditions-generales-dutilisation\/","title":{"rendered":"Conditions g\u00e9n\u00e9rales d&#8217;utilisation"},"content":{"rendered":"\n\n\t<p>conditions g\u00e9n\u00e9rales d&#8217;utilisation<\/p>\n\t\t\t\t<img data-recalc-dims=\"1\" loading=\"lazy\" decoding=\"async\" src=\"https:\/\/i0.wp.com\/constrb.cluster028.hosting.ovh.net\/vm264348-ovh\/wp-content\/uploads\/2020\/08\/LogoValenteFrancesmall.png?resize=413%2C119\" alt=\"logo Valente Securystar\" itemprop=\"image\" height=\"119\" width=\"413\" title=\"logo Valente Securystar\" onerror=\"this.style.display='none'\"  \/>\n\t<p>www.valentesecurystar.com<\/p>\nSASU au capital de 3 500 000 \u20ac<br \/>\nRCS CRETEIL 402\u00a0565 782<br \/>\nN\u00b0SIRET : 402 565 782 000 32<br \/>\nSi\u00e8ge social : 1 rue du courson 94320 Thiais\n<p>Directeur de la publication :Massimo Valente<\/p>\n<p>Pr\u00e9sident : Massimo Valente<\/p>\n<p>Directeur g\u00e9n\u00e9ral : Fabio Valente<\/p>\n<p>&nbsp;<\/p>\n<p>Conditions d&#8217;utilisation du site Internet www.securystar.com<\/p>\n<p>Le site et chacun des \u00e9l\u00e9ments, y compris mais sans limitation les marques, les logos, ic\u00f4nes, infographies, photographies, qui le composent sont prot\u00e9g\u00e9s au titre de la l\u00e9gislation internationale de la propri\u00e9t\u00e9 intellectuelle. Les contenus figurant sur le site sont la propri\u00e9t\u00e9 de Valente S\u00e9curit\u00e9. Toute utilisation, reproduction ou repr\u00e9sentation, par quelque proc\u00e9d\u00e9 que ce soit, et sur quelque support que ce soit, de tout ou partie du site et\/ou des \u00e9l\u00e9ments qui le composent n&#8217;est pas autoris\u00e9e sans le consentement expresse de Valente s\u00e9curit\u00e9.<\/p>\n<p>Veuillez trouver ci-dessous la liste des marques d\u00e9pos\u00e9es et enregistr\u00e9es par Valente Securit\u00e9 en France, Union Europ\u00e9enne et \u00e0 l&#8217;international. Veuillez noter que cette liste n&#8217;est pas exhaustive et l&#8217;absence d&#8217;une marque sur cette liste ne constitue pas une renonciation de la part de Valente Securit\u00e9 sur ses droits de propri\u00e9t\u00e9 intellectuelle.<\/p>\n<ul>\n<li><strong>VALENTE<\/strong><\/li>\n<li><strong>SECURYSTAR<\/strong><\/li>\n<\/ul>\n<p>&nbsp;<\/p>\n<p>&nbsp;<\/p>\n<p>Les autres marques et logos apparaissant sur le site sont la propri\u00e9t\u00e9 exclusive des parties tiers et Valente S\u00e9curit\u00e9 ne d\u00e9tient aucun droit dessus. Ils sont soumis \u00e0 la protection du droit de la propri\u00e9t\u00e9 intellectuelle. Vous ne pouvez pas utiliser ou reproduire les marques de ces partenaires sans leur autorisation expresse, nous vous prions de vous r\u00e9f\u00e9rer aux diff\u00e9rentes directives des parties tiers sur l&#8217;utilisation de ces marques.<\/p>\n<p>&nbsp;<\/p>\n<p>Donn\u00e9es personnelles<\/p>\n<p>D&#8217;une fa\u00e7on g\u00e9n\u00e9rale, vous pouvez visiter notre site sur Internet sans avoir \u00e0 d\u00e9cliner votre identit\u00e9 et \u00e0 fournir des informations personnelles vous concernant. Cependant, nous pouvons parfois vous demander des informations. Par exemple, pour traiter une commande, \u00e9tablir une correspondance, fournir un abonnement ou soumettre une candidature \u00e0 un poste. Nous pouvons compl\u00e9ter ces informations pour conclure une transaction ou offrir un meilleur service.<\/p>\n<p>&nbsp;<\/p>\n\n","protected":false},"excerpt":{"rendered":"<p>conditions g\u00e9n\u00e9rales d&#8217;utilisation www.valentesecurystar.com SASU au capital de 3 500 000 \u20ac RCS CRETEIL 402\u00a0565 782 N\u00b0SIRET : 402 565 782 000 32 Si\u00e8ge social : 1 rue du courson 94320 Thiais Directeur de la publication :Massimo Valente Pr\u00e9sident : Massimo Valente Directeur g\u00e9n\u00e9ral : Fabio Valente &nbsp; Conditions d&#8217;utilisation du site Internet www.securystar.com Le&hellip;<\/p>\n","protected":false},"author":1,"featured_media":0,"parent":0,"menu_order":0,"comment_status":"closed","ping_status":"closed","template":"","meta":{"footnotes":""},"class_list":["post-2498","page","type-page","status-publish","hentry"],"yoast_head":"<!-- This site is optimized with the Yoast SEO plugin v27.4 - https:\/\/yoast.com\/product\/yoast-seo-wordpress\/ -->\n<title>Conditions g\u00e9n\u00e9rales d&#039;utilisation - Securystar<\/title>\n<meta name=\"description\" content=\"La plus haute certification d&#039;Europe. Portes blind\u00e9es Serrures Cylindres et cl\u00e9s Menuiserie acier Contr\u00f4le d&#039;acc\u00e8s \u00e9lectromagn\u00e9tique\" \/>\n<meta name=\"robots\" content=\"index, follow, max-snippet:-1, max-image-preview:large, max-video-preview:-1\" \/>\n<link rel=\"canonical\" href=\"https:\/\/www.valentesecurystar.com\/index.php\/conditions-generales-dutilisation\/\" \/>\n<meta property=\"og:locale\" content=\"fr_FR\" \/>\n<meta property=\"og:type\" content=\"article\" \/>\n<meta property=\"og:title\" content=\"Conditions g\u00e9n\u00e9rales d&#039;utilisation - Securystar\" \/>\n<meta property=\"og:description\" content=\"La plus haute certification d&#039;Europe. Portes blind\u00e9es Serrures Cylindres et cl\u00e9s Menuiserie acier Contr\u00f4le d&#039;acc\u00e8s \u00e9lectromagn\u00e9tique\" \/>\n<meta property=\"og:url\" content=\"https:\/\/www.valentesecurystar.com\/index.php\/conditions-generales-dutilisation\/\" \/>\n<meta property=\"og:site_name\" content=\"Securystar\" \/>\n<meta property=\"article:publisher\" content=\"https:\/\/www.facebook.com\/ValenteSecurystar\" \/>\n<meta property=\"article:modified_time\" content=\"2024-11-05T08:19:19+00:00\" \/>\n<meta property=\"og:image\" content=\"http:\/\/constrb.cluster028.hosting.ovh.net\/vm264348-ovh\/wp-content\/uploads\/2020\/08\/LogoValenteFrancesmall.png\" \/>\n<meta name=\"twitter:card\" content=\"summary_large_image\" \/>\n<meta name=\"twitter:label1\" content=\"Dur\u00e9e de lecture estim\u00e9e\" \/>\n\t<meta name=\"twitter:data1\" content=\"2 minutes\" \/>\n<script type=\"application\/ld+json\" class=\"yoast-schema-graph\">{\"@context\":\"https:\\\/\\\/schema.org\",\"@graph\":[{\"@type\":\"WebPage\",\"@id\":\"https:\\\/\\\/www.valentesecurystar.com\\\/index.php\\\/conditions-generales-dutilisation\\\/\",\"url\":\"https:\\\/\\\/www.valentesecurystar.com\\\/index.php\\\/conditions-generales-dutilisation\\\/\",\"name\":\"Conditions g\u00e9n\u00e9rales d'utilisation - Securystar\",\"isPartOf\":{\"@id\":\"https:\\\/\\\/www.valentesecurystar.com\\\/#website\"},\"primaryImageOfPage\":{\"@id\":\"https:\\\/\\\/www.valentesecurystar.com\\\/index.php\\\/conditions-generales-dutilisation\\\/#primaryimage\"},\"image\":{\"@id\":\"https:\\\/\\\/www.valentesecurystar.com\\\/index.php\\\/conditions-generales-dutilisation\\\/#primaryimage\"},\"thumbnailUrl\":\"http:\\\/\\\/constrb.cluster028.hosting.ovh.net\\\/vm264348-ovh\\\/wp-content\\\/uploads\\\/2020\\\/08\\\/LogoValenteFrancesmall.png\",\"datePublished\":\"2020-09-15T08:23:57+00:00\",\"dateModified\":\"2024-11-05T08:19:19+00:00\",\"description\":\"La plus haute certification d'Europe. Portes blind\u00e9es Serrures Cylindres et cl\u00e9s Menuiserie acier Contr\u00f4le d'acc\u00e8s \u00e9lectromagn\u00e9tique\",\"breadcrumb\":{\"@id\":\"https:\\\/\\\/www.valentesecurystar.com\\\/index.php\\\/conditions-generales-dutilisation\\\/#breadcrumb\"},\"inLanguage\":\"fr-FR\",\"potentialAction\":[{\"@type\":\"ReadAction\",\"target\":[\"https:\\\/\\\/www.valentesecurystar.com\\\/index.php\\\/conditions-generales-dutilisation\\\/\"]}]},{\"@type\":\"ImageObject\",\"inLanguage\":\"fr-FR\",\"@id\":\"https:\\\/\\\/www.valentesecurystar.com\\\/index.php\\\/conditions-generales-dutilisation\\\/#primaryimage\",\"url\":\"http:\\\/\\\/constrb.cluster028.hosting.ovh.net\\\/vm264348-ovh\\\/wp-content\\\/uploads\\\/2020\\\/08\\\/LogoValenteFrancesmall.png\",\"contentUrl\":\"http:\\\/\\\/constrb.cluster028.hosting.ovh.net\\\/vm264348-ovh\\\/wp-content\\\/uploads\\\/2020\\\/08\\\/LogoValenteFrancesmall.png\"},{\"@type\":\"BreadcrumbList\",\"@id\":\"https:\\\/\\\/www.valentesecurystar.com\\\/index.php\\\/conditions-generales-dutilisation\\\/#breadcrumb\",\"itemListElement\":[{\"@type\":\"ListItem\",\"position\":1,\"name\":\"Home\",\"item\":\"https:\\\/\\\/www.valentesecurystar.com\\\/\"},{\"@type\":\"ListItem\",\"position\":2,\"name\":\"Conditions g\u00e9n\u00e9rales d&#8217;utilisation\"}]},{\"@type\":\"WebSite\",\"@id\":\"https:\\\/\\\/www.valentesecurystar.com\\\/#website\",\"url\":\"https:\\\/\\\/www.valentesecurystar.com\\\/\",\"name\":\"Securystar\",\"description\":\"Invent\u00e9e pour prot\u00e9ger\",\"publisher\":{\"@id\":\"https:\\\/\\\/www.valentesecurystar.com\\\/#organization\"},\"potentialAction\":[{\"@type\":\"SearchAction\",\"target\":{\"@type\":\"EntryPoint\",\"urlTemplate\":\"https:\\\/\\\/www.valentesecurystar.com\\\/?s={search_term_string}\"},\"query-input\":{\"@type\":\"PropertyValueSpecification\",\"valueRequired\":true,\"valueName\":\"search_term_string\"}}],\"inLanguage\":\"fr-FR\"},{\"@type\":\"Organization\",\"@id\":\"https:\\\/\\\/www.valentesecurystar.com\\\/#organization\",\"name\":\"Valente Securystar\",\"url\":\"https:\\\/\\\/www.valentesecurystar.com\\\/\",\"logo\":{\"@type\":\"ImageObject\",\"inLanguage\":\"fr-FR\",\"@id\":\"https:\\\/\\\/www.valentesecurystar.com\\\/#\\\/schema\\\/logo\\\/image\\\/\",\"url\":\"https:\\\/\\\/www.valentesecurystar.com\\\/wp-content\\\/uploads\\\/2020\\\/08\\\/Triangle-logo-VALENTE-SECURYSTAR-customise.png\",\"contentUrl\":\"https:\\\/\\\/www.valentesecurystar.com\\\/wp-content\\\/uploads\\\/2020\\\/08\\\/Triangle-logo-VALENTE-SECURYSTAR-customise.png\",\"width\":395,\"height\":379,\"caption\":\"Valente Securystar\"},\"image\":{\"@id\":\"https:\\\/\\\/www.valentesecurystar.com\\\/#\\\/schema\\\/logo\\\/image\\\/\"},\"sameAs\":[\"https:\\\/\\\/www.facebook.com\\\/ValenteSecurystar\",\"https:\\\/\\\/www.instagram.com\\\/valente_securite\\\/\",\"https:\\\/\\\/www.linkedin.com\\\/company\\\/securystar\",\"https:\\\/\\\/www.youtube.com\\\/channel\\\/UC_Q5XzLaGfWe65BLjIpAwuw\"]}]}<\/script>\n<!-- \/ Yoast SEO plugin. -->","yoast_head_json":{"title":"Conditions g\u00e9n\u00e9rales d'utilisation - Securystar","description":"La plus haute certification d'Europe. Portes blind\u00e9es Serrures Cylindres et cl\u00e9s Menuiserie acier Contr\u00f4le d'acc\u00e8s \u00e9lectromagn\u00e9tique","robots":{"index":"index","follow":"follow","max-snippet":"max-snippet:-1","max-image-preview":"max-image-preview:large","max-video-preview":"max-video-preview:-1"},"canonical":"https:\/\/www.valentesecurystar.com\/index.php\/conditions-generales-dutilisation\/","og_locale":"fr_FR","og_type":"article","og_title":"Conditions g\u00e9n\u00e9rales d'utilisation - Securystar","og_description":"La plus haute certification d'Europe. Portes blind\u00e9es Serrures Cylindres et cl\u00e9s Menuiserie acier Contr\u00f4le d'acc\u00e8s \u00e9lectromagn\u00e9tique","og_url":"https:\/\/www.valentesecurystar.com\/index.php\/conditions-generales-dutilisation\/","og_site_name":"Securystar","article_publisher":"https:\/\/www.facebook.com\/ValenteSecurystar","article_modified_time":"2024-11-05T08:19:19+00:00","og_image":[{"url":"http:\/\/constrb.cluster028.hosting.ovh.net\/vm264348-ovh\/wp-content\/uploads\/2020\/08\/LogoValenteFrancesmall.png","type":"","width":"","height":""}],"twitter_card":"summary_large_image","twitter_misc":{"Dur\u00e9e de lecture estim\u00e9e":"2 minutes"},"schema":{"@context":"https:\/\/schema.org","@graph":[{"@type":"WebPage","@id":"https:\/\/www.valentesecurystar.com\/index.php\/conditions-generales-dutilisation\/","url":"https:\/\/www.valentesecurystar.com\/index.php\/conditions-generales-dutilisation\/","name":"Conditions g\u00e9n\u00e9rales d'utilisation - Securystar","isPartOf":{"@id":"https:\/\/www.valentesecurystar.com\/#website"},"primaryImageOfPage":{"@id":"https:\/\/www.valentesecurystar.com\/index.php\/conditions-generales-dutilisation\/#primaryimage"},"image":{"@id":"https:\/\/www.valentesecurystar.com\/index.php\/conditions-generales-dutilisation\/#primaryimage"},"thumbnailUrl":"http:\/\/constrb.cluster028.hosting.ovh.net\/vm264348-ovh\/wp-content\/uploads\/2020\/08\/LogoValenteFrancesmall.png","datePublished":"2020-09-15T08:23:57+00:00","dateModified":"2024-11-05T08:19:19+00:00","description":"La plus haute certification d'Europe. Portes blind\u00e9es Serrures Cylindres et cl\u00e9s Menuiserie acier Contr\u00f4le d'acc\u00e8s \u00e9lectromagn\u00e9tique","breadcrumb":{"@id":"https:\/\/www.valentesecurystar.com\/index.php\/conditions-generales-dutilisation\/#breadcrumb"},"inLanguage":"fr-FR","potentialAction":[{"@type":"ReadAction","target":["https:\/\/www.valentesecurystar.com\/index.php\/conditions-generales-dutilisation\/"]}]},{"@type":"ImageObject","inLanguage":"fr-FR","@id":"https:\/\/www.valentesecurystar.com\/index.php\/conditions-generales-dutilisation\/#primaryimage","url":"http:\/\/constrb.cluster028.hosting.ovh.net\/vm264348-ovh\/wp-content\/uploads\/2020\/08\/LogoValenteFrancesmall.png","contentUrl":"http:\/\/constrb.cluster028.hosting.ovh.net\/vm264348-ovh\/wp-content\/uploads\/2020\/08\/LogoValenteFrancesmall.png"},{"@type":"BreadcrumbList","@id":"https:\/\/www.valentesecurystar.com\/index.php\/conditions-generales-dutilisation\/#breadcrumb","itemListElement":[{"@type":"ListItem","position":1,"name":"Home","item":"https:\/\/www.valentesecurystar.com\/"},{"@type":"ListItem","position":2,"name":"Conditions g\u00e9n\u00e9rales d&#8217;utilisation"}]},{"@type":"WebSite","@id":"https:\/\/www.valentesecurystar.com\/#website","url":"https:\/\/www.valentesecurystar.com\/","name":"Securystar","description":"Invent\u00e9e pour prot\u00e9ger","publisher":{"@id":"https:\/\/www.valentesecurystar.com\/#organization"},"potentialAction":[{"@type":"SearchAction","target":{"@type":"EntryPoint","urlTemplate":"https:\/\/www.valentesecurystar.com\/?s={search_term_string}"},"query-input":{"@type":"PropertyValueSpecification","valueRequired":true,"valueName":"search_term_string"}}],"inLanguage":"fr-FR"},{"@type":"Organization","@id":"https:\/\/www.valentesecurystar.com\/#organization","name":"Valente Securystar","url":"https:\/\/www.valentesecurystar.com\/","logo":{"@type":"ImageObject","inLanguage":"fr-FR","@id":"https:\/\/www.valentesecurystar.com\/#\/schema\/logo\/image\/","url":"https:\/\/www.valentesecurystar.com\/wp-content\/uploads\/2020\/08\/Triangle-logo-VALENTE-SECURYSTAR-customise.png","contentUrl":"https:\/\/www.valentesecurystar.com\/wp-content\/uploads\/2020\/08\/Triangle-logo-VALENTE-SECURYSTAR-customise.png","width":395,"height":379,"caption":"Valente Securystar"},"image":{"@id":"https:\/\/www.valentesecurystar.com\/#\/schema\/logo\/image\/"},"sameAs":["https:\/\/www.facebook.com\/ValenteSecurystar","https:\/\/www.instagram.com\/valente_securite\/","https:\/\/www.linkedin.com\/company\/securystar","https:\/\/www.youtube.com\/channel\/UC_Q5XzLaGfWe65BLjIpAwuw"]}]}},"jetpack_sharing_enabled":true,"jetpack_likes_enabled":true,"jetpack_shortlink":"https:\/\/wp.me\/PcmrIw-Ei","_links":{"self":[{"href":"https:\/\/www.valentesecurystar.com\/index.php\/wp-json\/wp\/v2\/pages\/2498","targetHints":{"allow":["GET"]}}],"collection":[{"href":"https:\/\/www.valentesecurystar.com\/index.php\/wp-json\/wp\/v2\/pages"}],"about":[{"href":"https:\/\/www.valentesecurystar.com\/index.php\/wp-json\/wp\/v2\/types\/page"}],"author":[{"embeddable":true,"href":"https:\/\/www.valentesecurystar.com\/index.php\/wp-json\/wp\/v2\/users\/1"}],"replies":[{"embeddable":true,"href":"https:\/\/www.valentesecurystar.com\/index.php\/wp-json\/wp\/v2\/comments?post=2498"}],"version-history":[{"count":2,"href":"https:\/\/www.valentesecurystar.com\/index.php\/wp-json\/wp\/v2\/pages\/2498\/revisions"}],"predecessor-version":[{"id":7831,"href":"https:\/\/www.valentesecurystar.com\/index.php\/wp-json\/wp\/v2\/pages\/2498\/revisions\/7831"}],"wp:attachment":[{"href":"https:\/\/www.valentesecurystar.com\/index.php\/wp-json\/wp\/v2\/media?parent=2498"}],"curies":[{"name":"wp","href":"https:\/\/api.w.org\/{rel}","templated":true}]}}