{"id":4275,"date":"2020-09-30T13:40:01","date_gmt":"2020-09-30T11:40:01","guid":{"rendered":"https:\/\/constructionvalentesecurite.fr\/?page_id=4275"},"modified":"2025-09-09T14:31:13","modified_gmt":"2025-09-09T12:31:13","slug":"candidature-spontanee","status":"publish","type":"page","link":"https:\/\/www.valentesecurystar.com\/index.php\/recrutement\/candidature-spontanee\/","title":{"rendered":"Candidature spontan\u00e9e"},"content":{"rendered":"\n\t\t\t<a href=\"https:\/\/constructionvalentesecurite.fr\/index.php\/recrutement\/\" target=\"_self\" role=\"button\" rel=\"noopener noreferrer\">\n\t\t\t\t\t\tRetour aux offres\n\t\t\t\t\t<\/a>\n\t<p><strong>valente<\/strong> <strong>securystar<\/strong><\/p>\n<p>candidature spontan\u00e9e<\/p>\n\t<p><strong>valente<\/strong> <strong>securystar<\/strong><\/p>\n<p>candidature spontan\u00e9e<\/p>\n\t<p><strong>Envoyer votre candidature spontan\u00e9e gr\u00e2ce le formulaire.<\/strong><\/p>\n<p>Si votre profil ne correspond \u00e0 aucunes offres actuellement disponible, nous conserverons votre CV afin de vous recontacter d\u00e8s qu&#8217;un poste adapt\u00e9 \u00e0 vos comp\u00e9tences sera libre<\/p>\n\t\n<div class=\"wpcf7 no-js\" id=\"wpcf7-f4280-o1\" lang=\"fr-FR\" dir=\"ltr\" data-wpcf7-id=\"4280\">\n<div class=\"screen-reader-response\"><p role=\"status\" aria-live=\"polite\" aria-atomic=\"true\"><\/p> <ul><\/ul><\/div>\n<form action=\"\/index.php\/wp-json\/wp\/v2\/pages\/4275#wpcf7-f4280-o1\" method=\"post\" class=\"wpcf7-form init\" aria-label=\"Formulaire de contact\" enctype=\"multipart\/form-data\" novalidate=\"novalidate\" data-status=\"init\">\n<fieldset class=\"hidden-fields-container\"><input type=\"hidden\" name=\"_wpcf7\" value=\"4280\" \/><input type=\"hidden\" name=\"_wpcf7_version\" value=\"6.1.5\" \/><input type=\"hidden\" name=\"_wpcf7_locale\" value=\"fr_FR\" \/><input type=\"hidden\" name=\"_wpcf7_unit_tag\" value=\"wpcf7-f4280-o1\" \/><input type=\"hidden\" name=\"_wpcf7_container_post\" value=\"0\" \/><input type=\"hidden\" name=\"_wpcf7_posted_data_hash\" value=\"\" \/><input type=\"hidden\" name=\"_wpcf7_recaptcha_response\" value=\"\" \/>\n<\/fieldset>\n<div style=\"text-align:left;\">\n\t<p><label>Tous les champs marqu\u00e9 d'un <b style=\"color:#fa4515;\">*<\/b> sont obligatoire<\/label>\n\t<\/p>\n\t<p>Votre nom<b style=\"color:#fa4515;\">*<\/b><br \/>\n<span class=\"wpcf7-form-control-wrap\" data-name=\"NOM\"><input size=\"40\" maxlength=\"400\" class=\"wpcf7-form-control wpcf7-text wpcf7-validates-as-required\" aria-required=\"true\" aria-invalid=\"false\" placeholder=\"votre nom\" value=\"\" type=\"text\" name=\"NOM\" \/><\/span><br \/>\nVotre pr\u00e9nom<b style=\"color:#fa4515;\">*<\/b><br \/>\n<span class=\"wpcf7-form-control-wrap\" data-name=\"PRENOM\"><input size=\"40\" maxlength=\"400\" class=\"wpcf7-form-control wpcf7-text wpcf7-validates-as-required\" aria-required=\"true\" aria-invalid=\"false\" placeholder=\"votre pr\u00e9nom\" value=\"\" type=\"text\" name=\"PRENOM\" \/><\/span><br \/>\nVotre adresse e-mail<b style=\"color:#fa4515;\">*<\/b><br \/>\n<span class=\"wpcf7-form-control-wrap\" data-name=\"MAIL\"><input size=\"40\" maxlength=\"400\" class=\"wpcf7-form-control wpcf7-email wpcf7-validates-as-required wpcf7-text wpcf7-validates-as-email\" aria-required=\"true\" aria-invalid=\"false\" placeholder=\"Em@il\" value=\"\" type=\"email\" name=\"MAIL\" \/><\/span><br \/>\nVotre N\u00b0 de t\u00e9l\u00e9phone<b style=\"color:#fa4515;\">*<\/b><br \/>\n<span class=\"wpcf7-form-control-wrap\" data-name=\"TEL\"><input size=\"40\" maxlength=\"400\" class=\"wpcf7-form-control wpcf7-tel wpcf7-validates-as-required wpcf7-text wpcf7-validates-as-tel\" aria-required=\"true\" aria-invalid=\"false\" placeholder=\"Votre n\u00b0 de t\u00e9l\u00e9phone\" value=\"\" type=\"tel\" name=\"TEL\" \/><\/span><br \/>\nAdresse compl\u00e8te<b style=\"color:#fa4515;\">*<\/b> ( n\u00b0 de rue, nom de rue, code postal et ville )*<br \/>\n<span class=\"wpcf7-form-control-wrap\" data-name=\"ADRESSE\"><input size=\"40\" maxlength=\"400\" class=\"wpcf7-form-control wpcf7-text wpcf7-validates-as-required\" aria-required=\"true\" aria-invalid=\"false\" placeholder=\"votre adresse compl\u00e8te ( n\u00b0 de rue, nom de rue, code postal et ville )\" value=\"\" type=\"text\" name=\"ADRESSE\" \/><\/span><br \/>\nMessage d'accompagnement:<br \/>\n<span class=\"wpcf7-form-control-wrap\" data-name=\"MESSAGE\"><textarea cols=\"40\" rows=\"10\" maxlength=\"2000\" class=\"wpcf7-form-control wpcf7-textarea\" aria-invalid=\"false\" placeholder=\"Message d&#039;accompagnement\" name=\"MESSAGE\"><\/textarea><\/span>\n\t<\/p>\n\t<p>Joindre votre CV<b style=\"color:#fa4515;\">*<\/b><br \/>\n<span class=\"wpcf7-form-control-wrap\" data-name=\"CV\"><input size=\"40\" class=\"wpcf7-form-control wpcf7-file wpcf7-validates-as-required\" accept=\".pdf,.doc,.docx\" aria-required=\"true\" aria-invalid=\"false\" type=\"file\" name=\"CV\" \/><\/span><br \/>\nJoindre votre lettre de motivation<br \/>\n<span class=\"wpcf7-form-control-wrap\" data-name=\"Lettredemotivation\"><input size=\"40\" class=\"wpcf7-form-control wpcf7-file\" accept=\".pdf,.doc,.docx\" aria-invalid=\"false\" type=\"file\" name=\"Lettredemotivation\" \/><\/span><br \/>\nJoindre tous autres fichiers<br \/>\n<span class=\"wpcf7-form-control-wrap\" data-name=\"Tousautresfichiers\"><input size=\"40\" class=\"wpcf7-form-control wpcf7-file\" accept=\".pdf,.doc,.docx,.jpg\" aria-invalid=\"false\" type=\"file\" name=\"Tousautresfichiers\" \/><\/span><br \/>\n\t<\/p>\n\t<p style=\"font-size:12px; color:#a39e9e;\">Tous les champs marqu\u00e9 d'un <b>*<\/b> sont obligatoires:\n\t<\/p>\n\t<p><span class=\"wpcf7-form-control-wrap\" data-name=\"Politique\"><span class=\"wpcf7-form-control wpcf7-checkbox wpcf7-validates-as-required\"><span class=\"wpcf7-list-item first last\"><span class=\"wpcf7-list-item-label\">J&#039;ai lu et j&#039;accepte la politique de confidentialit\u00e9*<\/span><input type=\"checkbox\" name=\"Politique[]\" value=\"J&#039;ai lu et j&#039;accepte la politique de confidentialit\u00e9*\" \/><\/span><\/span><\/span><br \/>\n<input class=\"wpcf7-form-control wpcf7-submit has-spinner\" type=\"submit\" value=\"Envoyer ma candidature\" \/>\n\t<\/p>\n<\/div><p style=\"display: none !important;\" class=\"akismet-fields-container\" data-prefix=\"_wpcf7_ak_\"><label>&#916;<textarea name=\"_wpcf7_ak_hp_textarea\" cols=\"45\" rows=\"8\" maxlength=\"100\"><\/textarea><\/label><input type=\"hidden\" id=\"ak_js_1\" name=\"_wpcf7_ak_js\" value=\"58\"\/><script>document.getElementById( \"ak_js_1\" ).setAttribute( \"value\", ( new Date() ).getTime() );<\/script><\/p><div class=\"wpcf7-response-output\" aria-hidden=\"true\"><\/div>\n<\/form>\n<\/div>\n\n\t<iframe src=\"https:\/\/www.google.com\/maps\/embed\/v1\/place?q=1+et+7+rue+du+courson+94320+thiais&#038;key=AIzaSyD09zQ9PNDNNy9TadMuzRV_UsPUoWKntt8\" aria-hidden=\"true\"><\/iframe>\n\t\t\t\t<img data-recalc-dims=\"1\" loading=\"lazy\" decoding=\"async\" src=\"https:\/\/i0.wp.com\/constructionvalentesecurite.fr\/wp-content\/uploads\/2020\/08\/Triangle-logo-VALENTE-SECURYSTAR-customise.png?resize=395%2C379&#038;ssl=1\" alt=\"Triangle logo VALENTE SECURYSTAR\" itemprop=\"image\" height=\"379\" width=\"395\" title=\"Triangle logo VALENTE SECURYSTAR\" onerror=\"this.style.display='none'\"  \/>\n\t<p>valente securystar<\/p>\n\t1 et 7 rue du courson<br \/>\n94320 &#8211; Thiais\nT\u00e9l: 01 56 34 24 24<br \/>\nFax: 01 56 34 24 25\n","protected":false},"excerpt":{"rendered":"<p>Retour aux offres valente securystar candidature spontan\u00e9e valente securystar candidature spontan\u00e9e Envoyer votre candidature spontan\u00e9e gr\u00e2ce le formulaire. Si votre profil ne correspond \u00e0 aucunes offres actuellement disponible, nous conserverons votre CV afin de vous recontacter d\u00e8s qu&#8217;un poste adapt\u00e9 \u00e0 vos comp\u00e9tences sera libre valente securystar 1 et 7 rue du courson 94320 &#8211;&hellip;<\/p>\n","protected":false},"author":1,"featured_media":0,"parent":4265,"menu_order":0,"comment_status":"closed","ping_status":"closed","template":"","meta":{"footnotes":""},"class_list":["post-4275","page","type-page","status-publish","hentry"],"yoast_head":"<!-- This site is optimized with the Yoast SEO plugin v27.4 - https:\/\/yoast.com\/product\/yoast-seo-wordpress\/ -->\n<title>candidature spontan\u00e9e Securystar<\/title>\n<meta name=\"description\" content=\"La plus haute certification d&#039;Europe. Portes blind\u00e9es Serrures Cylindres et cl\u00e9s Menuiserie acier Contr\u00f4le d&#039;acc\u00e8s \u00e9lectromagn\u00e9tique\" \/>\n<meta name=\"robots\" content=\"index, follow, max-snippet:-1, max-image-preview:large, max-video-preview:-1\" \/>\n<link rel=\"canonical\" href=\"https:\/\/www.valentesecurystar.com\/index.php\/recrutement\/candidature-spontanee\/\" \/>\n<meta property=\"og:locale\" content=\"fr_FR\" \/>\n<meta property=\"og:type\" content=\"article\" \/>\n<meta property=\"og:title\" content=\"candidature spontan\u00e9e Securystar\" \/>\n<meta property=\"og:description\" content=\"La plus haute certification d&#039;Europe. Portes blind\u00e9es Serrures Cylindres et cl\u00e9s Menuiserie acier Contr\u00f4le d&#039;acc\u00e8s \u00e9lectromagn\u00e9tique\" \/>\n<meta property=\"og:url\" content=\"https:\/\/www.valentesecurystar.com\/index.php\/recrutement\/candidature-spontanee\/\" \/>\n<meta property=\"og:site_name\" content=\"Securystar\" \/>\n<meta property=\"article:publisher\" content=\"https:\/\/www.facebook.com\/ValenteSecurystar\" \/>\n<meta property=\"article:modified_time\" content=\"2025-09-09T12:31:13+00:00\" \/>\n<meta property=\"og:image\" content=\"https:\/\/constructionvalentesecurite.fr\/wp-content\/uploads\/2020\/08\/Triangle-logo-VALENTE-SECURYSTAR-customise.png\" \/>\n<meta name=\"twitter:card\" content=\"summary_large_image\" \/>\n<meta name=\"twitter:label1\" content=\"Dur\u00e9e de lecture estim\u00e9e\" \/>\n\t<meta name=\"twitter:data1\" content=\"1 minute\" \/>\n<script type=\"application\/ld+json\" class=\"yoast-schema-graph\">{\"@context\":\"https:\\\/\\\/schema.org\",\"@graph\":[{\"@type\":\"WebPage\",\"@id\":\"https:\\\/\\\/www.valentesecurystar.com\\\/index.php\\\/recrutement\\\/candidature-spontanee\\\/\",\"url\":\"https:\\\/\\\/www.valentesecurystar.com\\\/index.php\\\/recrutement\\\/candidature-spontanee\\\/\",\"name\":\"candidature spontan\u00e9e Securystar\",\"isPartOf\":{\"@id\":\"https:\\\/\\\/www.valentesecurystar.com\\\/#website\"},\"primaryImageOfPage\":{\"@id\":\"https:\\\/\\\/www.valentesecurystar.com\\\/index.php\\\/recrutement\\\/candidature-spontanee\\\/#primaryimage\"},\"image\":{\"@id\":\"https:\\\/\\\/www.valentesecurystar.com\\\/index.php\\\/recrutement\\\/candidature-spontanee\\\/#primaryimage\"},\"thumbnailUrl\":\"https:\\\/\\\/constructionvalentesecurite.fr\\\/wp-content\\\/uploads\\\/2020\\\/08\\\/Triangle-logo-VALENTE-SECURYSTAR-customise.png\",\"datePublished\":\"2020-09-30T11:40:01+00:00\",\"dateModified\":\"2025-09-09T12:31:13+00:00\",\"description\":\"La plus haute certification d'Europe. Portes blind\u00e9es Serrures Cylindres et cl\u00e9s Menuiserie acier Contr\u00f4le d'acc\u00e8s \u00e9lectromagn\u00e9tique\",\"breadcrumb\":{\"@id\":\"https:\\\/\\\/www.valentesecurystar.com\\\/index.php\\\/recrutement\\\/candidature-spontanee\\\/#breadcrumb\"},\"inLanguage\":\"fr-FR\",\"potentialAction\":[{\"@type\":\"ReadAction\",\"target\":[\"https:\\\/\\\/www.valentesecurystar.com\\\/index.php\\\/recrutement\\\/candidature-spontanee\\\/\"]}]},{\"@type\":\"ImageObject\",\"inLanguage\":\"fr-FR\",\"@id\":\"https:\\\/\\\/www.valentesecurystar.com\\\/index.php\\\/recrutement\\\/candidature-spontanee\\\/#primaryimage\",\"url\":\"https:\\\/\\\/constructionvalentesecurite.fr\\\/wp-content\\\/uploads\\\/2020\\\/08\\\/Triangle-logo-VALENTE-SECURYSTAR-customise.png\",\"contentUrl\":\"https:\\\/\\\/constructionvalentesecurite.fr\\\/wp-content\\\/uploads\\\/2020\\\/08\\\/Triangle-logo-VALENTE-SECURYSTAR-customise.png\"},{\"@type\":\"BreadcrumbList\",\"@id\":\"https:\\\/\\\/www.valentesecurystar.com\\\/index.php\\\/recrutement\\\/candidature-spontanee\\\/#breadcrumb\",\"itemListElement\":[{\"@type\":\"ListItem\",\"position\":1,\"name\":\"Home\",\"item\":\"https:\\\/\\\/www.valentesecurystar.com\\\/\"},{\"@type\":\"ListItem\",\"position\":2,\"name\":\"Recrutement\",\"item\":\"https:\\\/\\\/www.valentesecurystar.com\\\/index.php\\\/recrutement\\\/\"},{\"@type\":\"ListItem\",\"position\":3,\"name\":\"Candidature spontan\u00e9e\"}]},{\"@type\":\"WebSite\",\"@id\":\"https:\\\/\\\/www.valentesecurystar.com\\\/#website\",\"url\":\"https:\\\/\\\/www.valentesecurystar.com\\\/\",\"name\":\"Securystar\",\"description\":\"Invent\u00e9e pour prot\u00e9ger\",\"publisher\":{\"@id\":\"https:\\\/\\\/www.valentesecurystar.com\\\/#organization\"},\"potentialAction\":[{\"@type\":\"SearchAction\",\"target\":{\"@type\":\"EntryPoint\",\"urlTemplate\":\"https:\\\/\\\/www.valentesecurystar.com\\\/?s={search_term_string}\"},\"query-input\":{\"@type\":\"PropertyValueSpecification\",\"valueRequired\":true,\"valueName\":\"search_term_string\"}}],\"inLanguage\":\"fr-FR\"},{\"@type\":\"Organization\",\"@id\":\"https:\\\/\\\/www.valentesecurystar.com\\\/#organization\",\"name\":\"Valente Securystar\",\"url\":\"https:\\\/\\\/www.valentesecurystar.com\\\/\",\"logo\":{\"@type\":\"ImageObject\",\"inLanguage\":\"fr-FR\",\"@id\":\"https:\\\/\\\/www.valentesecurystar.com\\\/#\\\/schema\\\/logo\\\/image\\\/\",\"url\":\"https:\\\/\\\/www.valentesecurystar.com\\\/wp-content\\\/uploads\\\/2020\\\/08\\\/Triangle-logo-VALENTE-SECURYSTAR-customise.png\",\"contentUrl\":\"https:\\\/\\\/www.valentesecurystar.com\\\/wp-content\\\/uploads\\\/2020\\\/08\\\/Triangle-logo-VALENTE-SECURYSTAR-customise.png\",\"width\":395,\"height\":379,\"caption\":\"Valente Securystar\"},\"image\":{\"@id\":\"https:\\\/\\\/www.valentesecurystar.com\\\/#\\\/schema\\\/logo\\\/image\\\/\"},\"sameAs\":[\"https:\\\/\\\/www.facebook.com\\\/ValenteSecurystar\",\"https:\\\/\\\/www.instagram.com\\\/valente_securite\\\/\",\"https:\\\/\\\/www.linkedin.com\\\/company\\\/securystar\",\"https:\\\/\\\/www.youtube.com\\\/channel\\\/UC_Q5XzLaGfWe65BLjIpAwuw\"]}]}<\/script>\n<!-- \/ Yoast SEO plugin. -->","yoast_head_json":{"title":"candidature spontan\u00e9e Securystar","description":"La plus haute certification d'Europe. Portes blind\u00e9es Serrures Cylindres et cl\u00e9s Menuiserie acier Contr\u00f4le d'acc\u00e8s \u00e9lectromagn\u00e9tique","robots":{"index":"index","follow":"follow","max-snippet":"max-snippet:-1","max-image-preview":"max-image-preview:large","max-video-preview":"max-video-preview:-1"},"canonical":"https:\/\/www.valentesecurystar.com\/index.php\/recrutement\/candidature-spontanee\/","og_locale":"fr_FR","og_type":"article","og_title":"candidature spontan\u00e9e Securystar","og_description":"La plus haute certification d'Europe. Portes blind\u00e9es Serrures Cylindres et cl\u00e9s Menuiserie acier Contr\u00f4le d'acc\u00e8s \u00e9lectromagn\u00e9tique","og_url":"https:\/\/www.valentesecurystar.com\/index.php\/recrutement\/candidature-spontanee\/","og_site_name":"Securystar","article_publisher":"https:\/\/www.facebook.com\/ValenteSecurystar","article_modified_time":"2025-09-09T12:31:13+00:00","og_image":[{"url":"https:\/\/constructionvalentesecurite.fr\/wp-content\/uploads\/2020\/08\/Triangle-logo-VALENTE-SECURYSTAR-customise.png","type":"","width":"","height":""}],"twitter_card":"summary_large_image","twitter_misc":{"Dur\u00e9e de lecture estim\u00e9e":"1 minute"},"schema":{"@context":"https:\/\/schema.org","@graph":[{"@type":"WebPage","@id":"https:\/\/www.valentesecurystar.com\/index.php\/recrutement\/candidature-spontanee\/","url":"https:\/\/www.valentesecurystar.com\/index.php\/recrutement\/candidature-spontanee\/","name":"candidature spontan\u00e9e Securystar","isPartOf":{"@id":"https:\/\/www.valentesecurystar.com\/#website"},"primaryImageOfPage":{"@id":"https:\/\/www.valentesecurystar.com\/index.php\/recrutement\/candidature-spontanee\/#primaryimage"},"image":{"@id":"https:\/\/www.valentesecurystar.com\/index.php\/recrutement\/candidature-spontanee\/#primaryimage"},"thumbnailUrl":"https:\/\/constructionvalentesecurite.fr\/wp-content\/uploads\/2020\/08\/Triangle-logo-VALENTE-SECURYSTAR-customise.png","datePublished":"2020-09-30T11:40:01+00:00","dateModified":"2025-09-09T12:31:13+00:00","description":"La plus haute certification d'Europe. Portes blind\u00e9es Serrures Cylindres et cl\u00e9s Menuiserie acier Contr\u00f4le d'acc\u00e8s \u00e9lectromagn\u00e9tique","breadcrumb":{"@id":"https:\/\/www.valentesecurystar.com\/index.php\/recrutement\/candidature-spontanee\/#breadcrumb"},"inLanguage":"fr-FR","potentialAction":[{"@type":"ReadAction","target":["https:\/\/www.valentesecurystar.com\/index.php\/recrutement\/candidature-spontanee\/"]}]},{"@type":"ImageObject","inLanguage":"fr-FR","@id":"https:\/\/www.valentesecurystar.com\/index.php\/recrutement\/candidature-spontanee\/#primaryimage","url":"https:\/\/constructionvalentesecurite.fr\/wp-content\/uploads\/2020\/08\/Triangle-logo-VALENTE-SECURYSTAR-customise.png","contentUrl":"https:\/\/constructionvalentesecurite.fr\/wp-content\/uploads\/2020\/08\/Triangle-logo-VALENTE-SECURYSTAR-customise.png"},{"@type":"BreadcrumbList","@id":"https:\/\/www.valentesecurystar.com\/index.php\/recrutement\/candidature-spontanee\/#breadcrumb","itemListElement":[{"@type":"ListItem","position":1,"name":"Home","item":"https:\/\/www.valentesecurystar.com\/"},{"@type":"ListItem","position":2,"name":"Recrutement","item":"https:\/\/www.valentesecurystar.com\/index.php\/recrutement\/"},{"@type":"ListItem","position":3,"name":"Candidature spontan\u00e9e"}]},{"@type":"WebSite","@id":"https:\/\/www.valentesecurystar.com\/#website","url":"https:\/\/www.valentesecurystar.com\/","name":"Securystar","description":"Invent\u00e9e pour prot\u00e9ger","publisher":{"@id":"https:\/\/www.valentesecurystar.com\/#organization"},"potentialAction":[{"@type":"SearchAction","target":{"@type":"EntryPoint","urlTemplate":"https:\/\/www.valentesecurystar.com\/?s={search_term_string}"},"query-input":{"@type":"PropertyValueSpecification","valueRequired":true,"valueName":"search_term_string"}}],"inLanguage":"fr-FR"},{"@type":"Organization","@id":"https:\/\/www.valentesecurystar.com\/#organization","name":"Valente Securystar","url":"https:\/\/www.valentesecurystar.com\/","logo":{"@type":"ImageObject","inLanguage":"fr-FR","@id":"https:\/\/www.valentesecurystar.com\/#\/schema\/logo\/image\/","url":"https:\/\/www.valentesecurystar.com\/wp-content\/uploads\/2020\/08\/Triangle-logo-VALENTE-SECURYSTAR-customise.png","contentUrl":"https:\/\/www.valentesecurystar.com\/wp-content\/uploads\/2020\/08\/Triangle-logo-VALENTE-SECURYSTAR-customise.png","width":395,"height":379,"caption":"Valente Securystar"},"image":{"@id":"https:\/\/www.valentesecurystar.com\/#\/schema\/logo\/image\/"},"sameAs":["https:\/\/www.facebook.com\/ValenteSecurystar","https:\/\/www.instagram.com\/valente_securite\/","https:\/\/www.linkedin.com\/company\/securystar","https:\/\/www.youtube.com\/channel\/UC_Q5XzLaGfWe65BLjIpAwuw"]}]}},"jetpack_sharing_enabled":true,"jetpack_likes_enabled":true,"jetpack_shortlink":"https:\/\/wp.me\/PcmrIw-16X","_links":{"self":[{"href":"https:\/\/www.valentesecurystar.com\/index.php\/wp-json\/wp\/v2\/pages\/4275","targetHints":{"allow":["GET"]}}],"collection":[{"href":"https:\/\/www.valentesecurystar.com\/index.php\/wp-json\/wp\/v2\/pages"}],"about":[{"href":"https:\/\/www.valentesecurystar.com\/index.php\/wp-json\/wp\/v2\/types\/page"}],"author":[{"embeddable":true,"href":"https:\/\/www.valentesecurystar.com\/index.php\/wp-json\/wp\/v2\/users\/1"}],"replies":[{"embeddable":true,"href":"https:\/\/www.valentesecurystar.com\/index.php\/wp-json\/wp\/v2\/comments?post=4275"}],"version-history":[{"count":1,"href":"https:\/\/www.valentesecurystar.com\/index.php\/wp-json\/wp\/v2\/pages\/4275\/revisions"}],"predecessor-version":[{"id":7847,"href":"https:\/\/www.valentesecurystar.com\/index.php\/wp-json\/wp\/v2\/pages\/4275\/revisions\/7847"}],"up":[{"embeddable":true,"href":"https:\/\/www.valentesecurystar.com\/index.php\/wp-json\/wp\/v2\/pages\/4265"}],"wp:attachment":[{"href":"https:\/\/www.valentesecurystar.com\/index.php\/wp-json\/wp\/v2\/media?parent=4275"}],"curies":[{"name":"wp","href":"https:\/\/api.w.org\/{rel}","templated":true}]}}